s m a prime number?
False
Let x(y) = 3*y**2 + 4*y - 3. Let p(w) = 5*w**2 + 6*w - 5. Let u(n) = 5*p(n) - 8*x(n). Is u(3) a composite number?
False
Suppose w = -0*w. Suppose -2*n + 3*n - 37 = w. Is n a composite number?
False
Suppose -3*s = 4*o - 7813, -2*s - 4*o - 1400 + 6610 = 0. Is s composite?
True
Let k(i) = -7*i**3 + 2*i + 4. Let z(u) = -2*u + 5. Let f be z(4). Is k(f) prime?
False
Let v = 30 - 67. Is v*((-9)/3 + 0) a prime number?
False
Suppose z + 13 = 3*s, 4*z = 5*s - 28 - 3. Suppose -3*i + h = -108, 4*i + 7*h = s*h + 160. Is i composite?
False
Suppose -n - 8 = 2*n + 2*h, 16 = -5*n - 4*h. Suppose 20 = -4*y - u + 156, n = -2*y - 2*u + 74. Suppose -2*m = -m - y. Is m a composite number?
True
Let y(j) = j**2 + 4*j - 3. Let k be y(-4). Let t be k/2*(-1 + -1). Suppose -i - t*i + 580 = 0. Is i prime?
False
Suppose 2*v = -0*v + 502. Is v a prime number?
True
Suppose -4*o = -3*k - 125 + 5, 5*o - 5*k = 150. Let x be (-5)/10 + (-297)/(-6). Let b = x - o. Is b a composite number?
False
Let n(v) = -9*v**3 + v**2 - 1. Let w be n(-1). Is w/(-36) + 645/4 a prime number?
False
Let b = -80 - -147. Is b a composite number?
False
Let a(y) = 2*y**3 - 4*y**2 - 7*y - 2. Suppose -3*p = 4 - 19. Is a(p) a prime number?
True
Let b be 1*3/9*12. Suppose -b*h + 4 = -4. Suppose -h*m = -5*m + 339. Is m a prime number?
True
Suppose -3*q + 205 = -50. Is q prime?
False
Let i(u) = 279*u + 2. Let o be i(2). Suppose 0 = -5*p + 15, -4*p = 4*c - 0*p + o. Let b = 238 + c. Is b prime?
False
Let v(n) = -n + 255. Let m be v(0). Suppose 3*y + 0*y = m. Is y composite?
True
Let g be (43 - -1)/(4/(-6)). Let l = g + 255. Let v = l - 100. Is v a prime number?
True
Let z = 0 + -1. Let r(h) = -23*h - 1. Is r(z) a prime number?
False
Let x(q) be the second derivative of q**5/20 + q**4/2 - q**3/6 + 5*q**2/2 + 2*q. Let r be 2*-1*(-10)/(-4). Is x(r) a prime number?
False
Let g(w) = 719*w + 63. Is g(8) a prime number?
False
Is ((-60)/(-50))/(4/1910) a prime number?
False
Suppose 12 = -2*i - 4*h - 0, -2*h + 2 = 3*i. Suppose -275 = -k + i*a, 0*k + 3*a - 296 = -k. Is k composite?
True
Suppose i + 282 = 2*p + 3*i, -4*p + i = -584. Let h(g) = g**3 - 8*g**2 + 7*g + 3. Let d be h(7). Suppose d*a - p = 2*a. Is a a prime number?
False
Let m(j) = 13*j**2 + 5*j - 7. Is m(4) composite?
True
Is 144 + 1 + (4 - 0) a composite number?
False
Suppose 2*y - 417 + 15 = 0. Let w = 88 - y. Let q = -58 - w. Is q a prime number?
False
Suppose 90 = x - 3. Is x prime?
False
Suppose -6*f + 9*f = 5259. Suppose -f - 292 = -5*s. Is s composite?
False
Suppose h + 22 + 303 = 5*p, 3*p - h = 195. Is p composite?
True
Suppose -5*r - 2076 = -9*r. Is r composite?
True
Let x = 249 + -348. Is 2/(-11) + (-12591)/x a prime number?
True
Let j(v) = 5*v**2 + 9*v - 11. Is j(6) a prime number?
True
Let o = 2 - -1. Suppose -74 + 17 = -o*y. Is y prime?
True
Suppose 0*z + 3*z = 333. Is z prime?
False
Let g(x) = -x - 1. Let h = 9 - 14. Is g(h) prime?
False
Suppose 0 = -h - 5*u + 300, 5*u = 2*h - 0*h - 585. Is h a prime number?
False
Let g(h) = -2*h - 4. Let s be g(-3). Let l = 22 + -16. Is (1 + s)*8/l a prime number?
False
Let z = 35 + -23. Is 273/z - 3/(-12) a prime number?
True
Let f(s) = -3*s + 3. Let x(i) = 9*i - 33 + 21*i + 3. Let h(c) = -21*f(c) - 2*x(c). Is h(2) prime?
True
Let w(t) = -t**3 - 5*t**2 - 4*t - 6. Let o be w(-4). Let u(j) = -49*j - 1. Is u(o) composite?
False
Let z = 9544 + -5555. Is z a composite number?
False
Suppose 2*x = x + 4. Let a(k) = k**2 + 5*k - 9. Let o be a(-7). Suppose t = -5*w + 35, 2*t + x + 1 = o*w. Is t a composite number?
True
Is (9 + -10)*(0 - 31) a composite number?
False
Let z be 10/15*(-18)/(-4). Suppose 0 = -8*j + z*j + 635. Is j prime?
True
Let z = -7 - -12. Suppose z*s - j = 271 + 472, s - 143 = 3*j. Is s composite?
False
Suppose -2*o + 3*o - 111 = -4*c, 5*c = o - 66. Is o a prime number?
False
Let a = -49 + -17. Let u be (16/(-6))/(1/a). Let i = u - 99. Is i a prime number?
False
Let b be 2 - (-3)/(-6)*74. Let i be b/(-14) - (-2)/4. Suppose -i*t + 0*x - x + 57 = 0, 0 = 4*t - x - 76. Is t a prime number?
True
Let d be 2*-1 - -4 - -2. Suppose 2*i - 240 = d*i. Let m = i - -179. Is m a prime number?
True
Let v(w) = -w**2 - 10*w - 4. Let g be v(-9). Let y(j) = j**3 - 4*j**2 + 3*j + 7. Is y(g) a composite number?
False
Let n(r) = -26*r + 1. Is n(-2) composite?
False
Let k(q) = 10*q**2 - 9*q + 12. Is k(5) a prime number?
False
Let o(m) = 2*m**3 + 3*m**2 - 2. Let s be -6*((-5)/2)/5. Is o(s) composite?
False
Is 4*123 - (-1)/(-1) composite?
False
Suppose 0 = 3*l - 1079 - 376. Is l a prime number?
False
Let w(p) = -2*p + 1. Let o(z) = z. Let u(q) = -3*o(q) + w(q). Let y be u(-2). Suppose 60 = 3*i - n - y, -3*i + 41 = 5*n. Is i a prime number?
False
Suppose k + 39 = 810. Is k a prime number?
False
Is 4 + 86370/27 + 2/18 composite?
False
Suppose 0 = -2*v - 2*v. Suppose -9 = -b + 2*s, -b - 2*s - 7 = -v. Is (254*b)/(-4 + 6) composite?
False
Let m(n) = 0 + n**2 - n + 1 - 6. Suppose -4 = z + 2. Is m(z) composite?
False
Let k = 428 - 141. Is k composite?
True
Let b = 9 - 16. Let q = 4 + b. Is q/(-12) + (-630)/(-8) a composite number?
False
Suppose -l - 2*p = 6 - 49, l - 4*p = 73. Is l a composite number?
False
Let c be -2*(-1)/2*5. Suppose 4*z + 513 + 27 = c*r, -3*z + 297 = 3*r. Suppose -r = -2*f - 2*f. Is f composite?
True
Let q(o) = -3*o**2 + 4*o + 15*o**2 - o + 7 - 8. Let g = 2 + 0. Is q(g) prime?
True
Let r(x) = -61*x**3 + 3*x**2 + x - 10. Is r(-3) a prime number?
False
Suppose 0*o + 18 = 3*o. Let l be -1 - (-1 + o/(-2)). Suppose 0 = -l*q - q + 100. Is q a prime number?
False
Suppose 0 = -m - 4*m + 50. Let n = 17 - m. Is 219/n + (-2)/7 a prime number?
True
Let k(u) be the first derivative of -u**3 + 2*u**2 - 4*u + 1. Let o(d) be the first derivative of k(d). Is o(-3) a prime number?
False
Is 267*(1 + 1 + -1) a prime number?
False
Is 1 + 1 - 3*-7 a prime number?
True
Let v(y) = 21*y**2 + 9*y - 11. Is v(6) a prime number?
False
Let o be 2115/3 + (-1 - -1). Suppose -2*c + 447 = c - 3*n, 5*c - o = -5*n. Is c prime?
False
Suppose -2*o - t = 2*t + 13, t = 5*o - 10. Let z be (-1)/(-4) + (-1100)/(-16). Is z - (-1 - (o - 2)) a prime number?
False
Suppose -4 = -4*v, -5*v - 2 = -4*j + 1. Suppose j*p = p + 10. Is p a prime number?
False
Let d(w) = -w**3 - 5*w**2 + 3. Let z be d(-5). Suppose 574 = 2*v + 3*v - z*b, 354 = 3*v - 5*b. Is v composite?
False
Is (5/10)/(2/556) a prime number?
True
Let m be 20/(-8)*2*-1. Suppose 31 = -t + 3*t - m*b, -2*b = 6. Suppose -g + t = 3*g. Is g a composite number?
False
Suppose a - 15 = x - 5, -2*x = 0. Let f = a - 5. Suppose -f*u = -68 - 27. Is u a composite number?
False
Suppose 0*u = 4*u + 12. Let x(k) = 0*k**2 - 2 + 2*k**2 + k**3 - 5*k + 3*k**2. Is x(u) composite?
False
Let u = -35 + 20. Is u*1*5/(-3) a composite number?
True
Suppose -2*y = -3*a - a + 4, -5*a - 73 = 4*y. Let m be (-100)/(-7) + y/42. Let v = m + -7. Is v prime?
True
Let h(c) = -7*c. Let k be h(2). Let v = k - -63. Is v a composite number?
True
Suppose -2*b - 7*f + 2*f + 456 = 0, 3*b + 3*f = 675. Is b prime?
True
Suppose -3*o - 5*b = 0, 0*o - 2*b = 4*o. Let j be -12*((-1)/3 + o). Suppose -125 = -2*c + 5*d, 3*c - 61 = 2*c + j*d. Is c a composite number?
True
Let p be ((-2)/(-6))/(7/84). Suppose -p = -2*a + 10. Is a a composite number?
False
Suppose 0 = -c - 2*c + 9. Suppose -10 = -2*v - c*v. Suppose 3*h + v*h = 1165. Is h composite?
False
Suppose -5 = 5*n - 0. Let k(h) = 148*h**2 - h. Is k(n) a prime number?
True
Let y(i) = -6*i**3 + 2*i**2 + 2*i - 5. Is y(-3) a composite number?
True
Is -1 + 121 + (-2 - -1) prime?
False
Suppose 5*s = 3170 + 500. Is s a prime number?
False
Let k = 627 + -310. Is k a composite number?
False
Let y = -10 - -18. Let i be 3/1 - y/(-4). Suppose -9 = -o - i*u + 28, 0 = 5*u. Is o a prime number?
True
Suppose 3*v = -2*j - 3, 0*j - 29 = -4*j + v. Suppose -165 = -j*y + 3*y. Is y a prime number?
False
Let b(n) = 99*n**2 - 4. Is b(3) a composite number?
False
Is 199/((0 - (-56)/(-20)) + 3) a prime number?
False
Let b(k) = -k**3 + 8*k**2 + 4*k - 1. Suppose 0 = 2*u - 4*m - 32, 3*m - 4 = -2*u - 0*m. Is b(u) composite?
False
Let n = 0 - -49. Is n a prime number?
False
Let a(i) = -4*i**2 + 4*i + 15. Let b(j) = 3*j**2 - 3*j - 16. Let g(p) = 2*a(p) + 3*b(p). Let x be g(0). Let l = -7 - x. Is l prime?
T